{"id":52,"date":"2023-09-27T19:04:36","date_gmt":"2023-09-27T19:04:36","guid":{"rendered":"https:\/\/lesgalettesderiz.fr\/?page_id=52"},"modified":"2025-09-12T13:40:41","modified_gmt":"2025-09-12T13:40:41","slug":"les-spectacles","status":"publish","type":"page","link":"https:\/\/lesgalettesderiz.fr\/index.php\/les-spectacles\/","title":{"rendered":"Les spectacles"},"content":{"rendered":"\t\t<div data-elementor-type=\"wp-page\" data-elementor-id=\"52\" class=\"elementor elementor-52\">\n\t\t\t\t<div class=\"elementor-element elementor-element-707a093 e-flex e-con-boxed e-con e-parent\" data-id=\"707a093\" data-element_type=\"container\" data-settings=\"{&quot;background_background&quot;:&quot;classic&quot;}\">\n\t\t\t\t\t<div class=\"e-con-inner\">\n\t\t\t\t<div class=\"elementor-element elementor-element-3f69560 elementor-widget elementor-widget-heading\" data-id=\"3f69560\" data-element_type=\"widget\" data-widget_type=\"heading.default\">\n\t\t\t\t<div class=\"elementor-widget-container\">\n\t\t\t<h2 class=\"elementor-heading-title elementor-size-default\">Les spectacles<\/h2>\t\t<\/div>\n\t\t\t\t<\/div>\n\t\t\t\t\t<\/div>\n\t\t\t\t<\/div>\n\t\t<div class=\"elementor-element elementor-element-7c3cf52 e-flex e-con-boxed e-con e-parent\" data-id=\"7c3cf52\" data-element_type=\"container\" data-settings=\"{&quot;background_background&quot;:&quot;classic&quot;}\">\n\t\t\t\t\t<div class=\"e-con-inner\">\n\t\t<div class=\"elementor-element elementor-element-3b747c4 e-con-full e-flex e-con e-child\" data-id=\"3b747c4\" data-element_type=\"container\">\n\t\t\t\t<div class=\"elementor-element elementor-element-8632302 elementor-position-top elementor-widget elementor-widget-image-box\" data-id=\"8632302\" data-element_type=\"widget\" data-widget_type=\"image-box.default\">\n\t\t\t\t<div class=\"elementor-widget-container\">\n\t\t\t<div class=\"elementor-image-box-wrapper\"><figure class=\"elementor-image-box-img\"><a href=\"https:\/\/lesgalettesderiz.fr\/index.php\/blancs\/\" target=\"_blank\" tabindex=\"-1\"><img fetchpriority=\"high\" decoding=\"async\" width=\"1000\" height=\"667\" src=\"https:\/\/lesgalettesderiz.fr\/wp-content\/uploads\/2023\/09\/Les-galettes-de-riz-15_web.jpg\" class=\"attachment-large size-large wp-image-32\" alt=\"\" srcset=\"https:\/\/lesgalettesderiz.fr\/wp-content\/uploads\/2023\/09\/Les-galettes-de-riz-15_web.jpg 1000w, https:\/\/lesgalettesderiz.fr\/wp-content\/uploads\/2023\/09\/Les-galettes-de-riz-15_web-300x200.jpg 300w, https:\/\/lesgalettesderiz.fr\/wp-content\/uploads\/2023\/09\/Les-galettes-de-riz-15_web-768x512.jpg 768w\" sizes=\"(max-width: 1000px) 100vw, 1000px\" \/><\/a><\/figure><div class=\"elementor-image-box-content\"><h3 class=\"elementor-image-box-title\"><a href=\"https:\/\/lesgalettesderiz.fr\/index.php\/blancs\/\" target=\"_blank\">Blancs<\/a><\/h3><p class=\"elementor-image-box-description\">Spectacle tout public <\/p><\/div><\/div>\t\t<\/div>\n\t\t\t\t<\/div>\n\t\t\t\t<\/div>\n\t\t<div class=\"elementor-element elementor-element-2713ee5 e-con-full e-flex e-con e-child\" data-id=\"2713ee5\" data-element_type=\"container\">\n\t\t\t\t<div class=\"elementor-element elementor-element-0647bc9 elementor-position-top elementor-widget elementor-widget-image-box\" data-id=\"0647bc9\" data-element_type=\"widget\" data-widget_type=\"image-box.default\">\n\t\t\t\t<div class=\"elementor-widget-container\">\n\t\t\t<div class=\"elementor-image-box-wrapper\"><figure class=\"elementor-image-box-img\"><a href=\"https:\/\/lesgalettesderiz.fr\/index.php\/petit-blancs\/\" target=\"_blank\" tabindex=\"-1\"><img decoding=\"async\" width=\"1000\" height=\"662\" src=\"https:\/\/lesgalettesderiz.fr\/wp-content\/uploads\/2023\/09\/Les-galettes-de-riz-Clara-Delmas-14b.jpg\" class=\"attachment-large size-large wp-image-96\" alt=\"\" srcset=\"https:\/\/lesgalettesderiz.fr\/wp-content\/uploads\/2023\/09\/Les-galettes-de-riz-Clara-Delmas-14b.jpg 1000w, https:\/\/lesgalettesderiz.fr\/wp-content\/uploads\/2023\/09\/Les-galettes-de-riz-Clara-Delmas-14b-300x199.jpg 300w, https:\/\/lesgalettesderiz.fr\/wp-content\/uploads\/2023\/09\/Les-galettes-de-riz-Clara-Delmas-14b-768x508.jpg 768w\" sizes=\"(max-width: 1000px) 100vw, 1000px\" \/><\/a><\/figure><div class=\"elementor-image-box-content\"><h3 class=\"elementor-image-box-title\"><a href=\"https:\/\/lesgalettesderiz.fr\/index.php\/petit-blancs\/\" target=\"_blank\">petits Blancs<\/a><\/h3><p class=\"elementor-image-box-description\">Spectacle jeune public (moins de 6 ans)<\/p><\/div><\/div>\t\t<\/div>\n\t\t\t\t<\/div>\n\t\t\t\t<\/div>\n\t\t\t\t\t<\/div>\n\t\t\t\t<\/div>\n\t\t<div class=\"elementor-element elementor-element-582cc8e e-flex e-con-boxed e-con e-parent\" data-id=\"582cc8e\" data-element_type=\"container\" data-settings=\"{&quot;background_background&quot;:&quot;classic&quot;}\">\n\t\t\t\t\t<div class=\"e-con-inner\">\n\t\t<div class=\"elementor-element elementor-element-f498d59 e-con-full e-flex e-con e-child\" data-id=\"f498d59\" data-element_type=\"container\">\n\t\t\t\t<div class=\"elementor-element elementor-element-e31e617 elementor-widget-divider--separator-type-pattern elementor-widget-divider--view-line elementor-widget elementor-widget-divider\" data-id=\"e31e617\" data-element_type=\"widget\" data-widget_type=\"divider.default\">\n\t\t\t\t<div class=\"elementor-widget-container\">\n\t\t\t\t\t<div class=\"elementor-divider\" style=\"--divider-pattern-url: url(&quot;data:image\/svg+xml,%3Csvg xmlns=&#039;http:\/\/www.w3.org\/2000\/svg&#039; preserveAspectRatio=&#039;none&#039; overflow=&#039;visible&#039; height=&#039;100%&#039; viewBox=&#039;0 0 24 24&#039; fill=&#039;none&#039; stroke=&#039;black&#039; stroke-width=&#039;1&#039; stroke-linecap=&#039;square&#039; stroke-miterlimit=&#039;10&#039;%3E%3Cpolyline points=&#039;0,18 12,6 24,18 &#039;\/%3E%3C\/svg%3E&quot;);\">\n\t\t\t<span class=\"elementor-divider-separator\">\n\t\t\t\t\t\t<\/span>\n\t\t<\/div>\n\t\t\t\t<\/div>\n\t\t\t\t<\/div>\n\t\t\t\t<div class=\"elementor-element elementor-element-40df217 elementor-position-top elementor-widget elementor-widget-image-box\" data-id=\"40df217\" data-element_type=\"widget\" data-widget_type=\"image-box.default\">\n\t\t\t\t<div class=\"elementor-widget-container\">\n\t\t\t<div class=\"elementor-image-box-wrapper\"><figure class=\"elementor-image-box-img\"><a href=\"https:\/\/lesgalettesderiz.fr\/index.php\/blancblanc\" target=\"_blank\" tabindex=\"-1\"><img decoding=\"async\" width=\"637\" height=\"365\" src=\"https:\/\/lesgalettesderiz.fr\/wp-content\/uploads\/2025\/09\/Blancblanc.jpg\" class=\"attachment-large size-large wp-image-628\" alt=\"\" srcset=\"https:\/\/lesgalettesderiz.fr\/wp-content\/uploads\/2025\/09\/Blancblanc.jpg 637w, https:\/\/lesgalettesderiz.fr\/wp-content\/uploads\/2025\/09\/Blancblanc-300x172.jpg 300w\" sizes=\"(max-width: 637px) 100vw, 637px\" \/><\/a><\/figure><div class=\"elementor-image-box-content\"><h3 class=\"elementor-image-box-title\"><a href=\"https:\/\/lesgalettesderiz.fr\/index.php\/blancblanc\" target=\"_blank\">BlancBlanc<\/a><\/h3><p class=\"elementor-image-box-description\">Spectacle tout public (derni\u00e8re cr\u00e9ation) <\/p><\/div><\/div>\t\t<\/div>\n\t\t\t\t<\/div>\n\t\t\t\t<\/div>\n\t\t<div class=\"elementor-element elementor-element-d99a9f0 e-con-full e-flex e-con e-child\" data-id=\"d99a9f0\" data-element_type=\"container\">\n\t\t\t\t<div class=\"elementor-element elementor-element-f844090 elementor-widget-divider--separator-type-pattern elementor-widget-divider--view-line elementor-widget elementor-widget-divider\" data-id=\"f844090\" data-element_type=\"widget\" data-widget_type=\"divider.default\">\n\t\t\t\t<div class=\"elementor-widget-container\">\n\t\t\t\t\t<div class=\"elementor-divider\" style=\"--divider-pattern-url: url(&quot;data:image\/svg+xml,%3Csvg xmlns=&#039;http:\/\/www.w3.org\/2000\/svg&#039; preserveAspectRatio=&#039;none&#039; overflow=&#039;visible&#039; height=&#039;100%&#039; viewBox=&#039;0 0 24 24&#039; fill=&#039;none&#039; stroke=&#039;black&#039; stroke-width=&#039;1&#039; stroke-linecap=&#039;square&#039; stroke-miterlimit=&#039;10&#039;%3E%3Cpolyline points=&#039;0,18 12,6 24,18 &#039;\/%3E%3C\/svg%3E&quot;);\">\n\t\t\t<span class=\"elementor-divider-separator\">\n\t\t\t\t\t\t<\/span>\n\t\t<\/div>\n\t\t\t\t<\/div>\n\t\t\t\t<\/div>\n\t\t\t\t<div class=\"elementor-element elementor-element-ae15c40 elementor-position-top elementor-widget elementor-widget-image-box\" data-id=\"ae15c40\" data-element_type=\"widget\" data-widget_type=\"image-box.default\">\n\t\t\t\t<div class=\"elementor-widget-container\">\n\t\t\t<div class=\"elementor-image-box-wrapper\"><figure class=\"elementor-image-box-img\"><a href=\"https:\/\/lesgalettesderiz.fr\/index.php\/clowns-a-lhopital\/\" target=\"_blank\" tabindex=\"-1\"><img loading=\"lazy\" decoding=\"async\" width=\"611\" height=\"423\" src=\"https:\/\/lesgalettesderiz.fr\/wp-content\/uploads\/2025\/09\/Foto-1-1.1.png\" class=\"attachment-medium_large size-medium_large wp-image-626\" alt=\"\" srcset=\"https:\/\/lesgalettesderiz.fr\/wp-content\/uploads\/2025\/09\/Foto-1-1.1.png 611w, https:\/\/lesgalettesderiz.fr\/wp-content\/uploads\/2025\/09\/Foto-1-1.1-300x208.png 300w\" sizes=\"(max-width: 611px) 100vw, 611px\" \/><\/a><\/figure><div class=\"elementor-image-box-content\"><h3 class=\"elementor-image-box-title\"><a href=\"https:\/\/lesgalettesderiz.fr\/index.php\/clowns-a-lhopital\/\" target=\"_blank\">Clowns \u00e0 l'H\u00f4pital<\/a><\/h3><p class=\"elementor-image-box-description\">\n<\/p><\/div><\/div>\t\t<\/div>\n\t\t\t\t<\/div>\n\t\t\t\t<\/div>\n\t\t\t\t\t<\/div>\n\t\t\t\t<\/div>\n\t\t\t\t<\/div>\n\t\t","protected":false},"excerpt":{"rendered":"<p>Les spectacles Blancs Spectacle tout public petits Blancs Spectacle jeune public (moins de 6 ans) BlancBlanc Spectacle tout public (derni\u00e8re cr\u00e9ation) Clowns \u00e0 l&#8217;H\u00f4pital<\/p>\n","protected":false},"author":1,"featured_media":0,"parent":0,"menu_order":0,"comment_status":"closed","ping_status":"closed","template":"elementor_header_footer","meta":{"footnotes":""},"class_list":["post-52","page","type-page","status-publish","hentry","entry"],"_links":{"self":[{"href":"https:\/\/lesgalettesderiz.fr\/index.php\/wp-json\/wp\/v2\/pages\/52"}],"collection":[{"href":"https:\/\/lesgalettesderiz.fr\/index.php\/wp-json\/wp\/v2\/pages"}],"about":[{"href":"https:\/\/lesgalettesderiz.fr\/index.php\/wp-json\/wp\/v2\/types\/page"}],"author":[{"embeddable":true,"href":"https:\/\/lesgalettesderiz.fr\/index.php\/wp-json\/wp\/v2\/users\/1"}],"replies":[{"embeddable":true,"href":"https:\/\/lesgalettesderiz.fr\/index.php\/wp-json\/wp\/v2\/comments?post=52"}],"version-history":[{"count":61,"href":"https:\/\/lesgalettesderiz.fr\/index.php\/wp-json\/wp\/v2\/pages\/52\/revisions"}],"predecessor-version":[{"id":790,"href":"https:\/\/lesgalettesderiz.fr\/index.php\/wp-json\/wp\/v2\/pages\/52\/revisions\/790"}],"wp:attachment":[{"href":"https:\/\/lesgalettesderiz.fr\/index.php\/wp-json\/wp\/v2\/media?parent=52"}],"curies":[{"name":"wp","href":"https:\/\/api.w.org\/{rel}","templated":true}]}}