{"id":45,"date":"2023-09-27T19:02:48","date_gmt":"2023-09-27T19:02:48","guid":{"rendered":"https:\/\/lesgalettesderiz.fr\/?page_id=45"},"modified":"2025-09-12T15:39:39","modified_gmt":"2025-09-12T15:39:39","slug":"la-compagnie","status":"publish","type":"page","link":"https:\/\/lesgalettesderiz.fr\/index.php\/la-compagnie\/","title":{"rendered":"La compagnie"},"content":{"rendered":"\t\t<div data-elementor-type=\"wp-page\" data-elementor-id=\"45\" class=\"elementor elementor-45\">\n\t\t\t\t<div class=\"elementor-element elementor-element-daf0c36 e-flex e-con-boxed e-con e-parent\" data-id=\"daf0c36\" data-element_type=\"container\" data-settings=\"{&quot;background_background&quot;:&quot;classic&quot;}\">\n\t\t\t\t\t<div class=\"e-con-inner\">\n\t\t\t\t<div class=\"elementor-element elementor-element-7b3e4a2 elementor-widget elementor-widget-heading\" data-id=\"7b3e4a2\" data-element_type=\"widget\" data-widget_type=\"heading.default\">\n\t\t\t\t<div class=\"elementor-widget-container\">\n\t\t\t<h2 class=\"elementor-heading-title elementor-size-default\">La compagnie<\/h2>\t\t<\/div>\n\t\t\t\t<\/div>\n\t\t\t\t<div class=\"elementor-element elementor-element-272d0bb elementor-widget elementor-widget-text-editor\" data-id=\"272d0bb\" data-element_type=\"widget\" data-widget_type=\"text-editor.default\">\n\t\t\t\t<div class=\"elementor-widget-container\">\n\t\t\t\t\t\t\t<p>Les Galettes de Riz se cr\u00e9e en 2017 suite \u00e0 la rencontre d\u2019H\u00e9l\u00e8ne Rousselle et Christophe Foquereau et de leurs deux clowns.<\/p><p>Tout d\u2019abord clowns \u00e0 l\u2019h\u00f4pital ils cr\u00e9ent ensuite les spectacles \u00ab Petits Blancs \u00bb et \u00ab Blancs \u00bb o\u00f9 ils font interagir leur imaginaire artistique en utilisant la danse, la manipulation d\u2019objets, la musique et le clown. Ils d\u00e9veloppent un univers original, d\u00e9cal\u00e9, burlesque et po\u00e9tique.<\/p>\t\t\t\t\t\t<\/div>\n\t\t\t\t<\/div>\n\t\t\t\t\t<\/div>\n\t\t\t\t<\/div>\n\t\t<div class=\"elementor-element elementor-element-658bdc3 e-grid animated-slow e-con-boxed elementor-invisible e-con e-parent\" data-id=\"658bdc3\" data-element_type=\"container\" data-settings=\"{&quot;background_background&quot;:&quot;classic&quot;,&quot;animation&quot;:&quot;bounceInDown&quot;}\">\n\t\t\t\t\t<div class=\"e-con-inner\">\n\t\t\t\t<div class=\"elementor-element elementor-element-154710b elementor-widget elementor-widget-heading\" data-id=\"154710b\" data-element_type=\"widget\" data-widget_type=\"heading.default\">\n\t\t\t\t<div class=\"elementor-widget-container\">\n\t\t\t<h2 class=\"elementor-heading-title elementor-size-default\">H\u00e9l\u00e8ne Rousselle<\/h2>\t\t<\/div>\n\t\t\t\t<\/div>\n\t\t\t\t<div class=\"elementor-element elementor-element-4e8fbf9 elementor-widget elementor-widget-text-editor\" data-id=\"4e8fbf9\" data-element_type=\"widget\" data-widget_type=\"text-editor.default\">\n\t\t\t\t<div class=\"elementor-widget-container\">\n\t\t\t\t\t\t\t<p>Clown danseuse<\/p>\t\t\t\t\t\t<\/div>\n\t\t\t\t<\/div>\n\t\t\t\t\t<\/div>\n\t\t\t\t<\/div>\n\t\t<div class=\"elementor-element elementor-element-6974bbe e-grid animated-slow e-con-boxed elementor-invisible e-con e-parent\" data-id=\"6974bbe\" data-element_type=\"container\" data-settings=\"{&quot;background_background&quot;:&quot;classic&quot;,&quot;animation&quot;:&quot;bounceInDown&quot;}\">\n\t\t\t\t\t<div class=\"e-con-inner\">\n\t\t\t\t<div class=\"elementor-element elementor-element-316c9bc elementor-widget__width-initial elementor-widget elementor-widget-text-editor\" data-id=\"316c9bc\" data-element_type=\"widget\" data-widget_type=\"text-editor.default\">\n\t\t\t\t<div class=\"elementor-widget-container\">\n\t\t\t\t\t\t\t<p>Elle poss\u00e8de une formation de danse contemporaine et elle passe son dipl\u00f4me d\u2019\u00e9tat \u00e0 Lyon en 1998. Elle fait en parall\u00e8le une formation th\u00e9\u00e2trale \u00e0 l\u2019\u00e9cole du jeu de <em>Delphine Eliet<\/em> \u00e0 Paris. Elle travaille avec diff\u00e9rentes compagnies de th\u00e9\u00e2tre, th\u00e9\u00e2tre de rue, jeune public et danse-th\u00e9\u00e2tre, \u00e0 Clermont-Ferrand, Lyon, Paris et Rouen. Elle apprend la marionnette avec <em>P. Henniquau<\/em> en manipulation et fabrication. Elle intervient depuis 2008 en tant que clown dans diff\u00e9rents h\u00f4pitaux de Rouen, Paris et Caen avec la Cie <em>Nez \u00e0 nez<\/em> des clowns \u00e0 l\u2019h\u00f4pital, ainsi que dans plusieurs Ehpad. Elle a travaill\u00e9 avec le <em>CDN<\/em> de Normandie, ainsi qu\u2019au <em>Th\u00e9\u00e2tre du Passage<\/em> \u00e0 F\u00e9camp en tant que p\u00e9dagogue. Elle a fait partie de l\u2019organisation du festival <em>Petit Ev\u00e8nement Bucolique<\/em> \u00e0 Rouen. Danseuse, marionnettiste et clown, elle joue avec le duo <em>Les Galettes de Riz<\/em>.<\/p>\t\t\t\t\t\t<\/div>\n\t\t\t\t<\/div>\n\t\t\t\t<div class=\"elementor-element elementor-element-d338783 elementor-widget elementor-widget-image\" data-id=\"d338783\" data-element_type=\"widget\" data-widget_type=\"image.default\">\n\t\t\t\t<div class=\"elementor-widget-container\">\n\t\t\t\t\t\t\t\t\t\t\t\t\t<img fetchpriority=\"high\" decoding=\"async\" width=\"477\" height=\"470\" src=\"https:\/\/lesgalettesderiz.fr\/wp-content\/uploads\/2025\/09\/Hel-carre.jpg\" class=\"attachment-medium_large size-medium_large wp-image-818\" alt=\"\" srcset=\"https:\/\/lesgalettesderiz.fr\/wp-content\/uploads\/2025\/09\/Hel-carre.jpg 477w, https:\/\/lesgalettesderiz.fr\/wp-content\/uploads\/2025\/09\/Hel-carre-300x296.jpg 300w\" sizes=\"(max-width: 477px) 100vw, 477px\" \/>\t\t\t\t\t\t\t\t\t\t\t\t\t<\/div>\n\t\t\t\t<\/div>\n\t\t\t\t\t<\/div>\n\t\t\t\t<\/div>\n\t\t<div class=\"elementor-element elementor-element-57d844c e-grid e-con-boxed elementor-invisible e-con e-parent\" data-id=\"57d844c\" data-element_type=\"container\" data-settings=\"{&quot;background_background&quot;:&quot;classic&quot;,&quot;animation&quot;:&quot;fadeIn&quot;}\">\n\t\t\t\t\t<div class=\"e-con-inner\">\n\t\t\t\t<div class=\"elementor-element elementor-element-d787b19 elementor-widget elementor-widget-heading\" data-id=\"d787b19\" data-element_type=\"widget\" data-widget_type=\"heading.default\">\n\t\t\t\t<div class=\"elementor-widget-container\">\n\t\t\t<h2 class=\"elementor-heading-title elementor-size-default\">Christophe Foquereau<\/h2>\t\t<\/div>\n\t\t\t\t<\/div>\n\t\t\t\t<div class=\"elementor-element elementor-element-e92ba8f elementor-widget elementor-widget-text-editor\" data-id=\"e92ba8f\" data-element_type=\"widget\" data-widget_type=\"text-editor.default\">\n\t\t\t\t<div class=\"elementor-widget-container\">\n\t\t\t\t\t\t\t<p>Clown musicien<\/p>\t\t\t\t\t\t<\/div>\n\t\t\t\t<\/div>\n\t\t\t\t\t<\/div>\n\t\t\t\t<\/div>\n\t\t<div class=\"elementor-element elementor-element-560b2a1 e-grid e-con-boxed elementor-invisible e-con e-parent\" data-id=\"560b2a1\" data-element_type=\"container\" data-settings=\"{&quot;background_background&quot;:&quot;classic&quot;,&quot;animation&quot;:&quot;fadeIn&quot;}\">\n\t\t\t\t\t<div class=\"e-con-inner\">\n\t\t\t\t<div class=\"elementor-element elementor-element-277d83b elementor-widget__width-initial elementor-widget elementor-widget-text-editor\" data-id=\"277d83b\" data-element_type=\"widget\" data-widget_type=\"text-editor.default\">\n\t\t\t\t<div class=\"elementor-widget-container\">\n\t\t\t\t\t\t\t<p>Musicien contrebassiste, violoncelliste, joueur de scie musicale, il a \u00e9tudi\u00e9 la contrebasse classique au Conservatoire National de R\u00e9gion de Versailles dans la classe de Michel Crenne tout en pratiquant le Jazz au C.N.R. de Rouen. Il a travaill\u00e9 ou compos\u00e9 pour diff\u00e9rentes disciplines artistiques: la danse, le th\u00e9\u00e2tre, le conte, la chanson, le cin\u00e9-concert et pratique l\u2019improvisation musicale. \u00c9galement clown musicien depuis plusieurs ann\u00e9es, il d\u00e9veloppe cette discipline \u00e0 l\u2019h\u00f4pital et sur sc\u00e8ne. Il joue actuellement pour les Galettes de Riz (clown-musique), Ha\u00efkus Sign\u00e9s Dans\u00e9s (danse, musique, langage des signes), Ti Pouce (conte et musique), Fant\u00f4mas 1 et 2 (cin\u00e9-concert), un Air de Galop (duo \u00e9questre et musical) et travaille avec les collectifs d\u2019artistes les Amis de Fantomus et le Safran Collectif.<\/p>\t\t\t\t\t\t<\/div>\n\t\t\t\t<\/div>\n\t\t\t\t<div class=\"elementor-element elementor-element-04c2fa5 elementor-widget elementor-widget-image\" data-id=\"04c2fa5\" data-element_type=\"widget\" data-widget_type=\"image.default\">\n\t\t\t\t<div class=\"elementor-widget-container\">\n\t\t\t\t\t\t\t\t\t\t\t\t\t<img decoding=\"async\" width=\"640\" height=\"588\" src=\"https:\/\/lesgalettesderiz.fr\/wp-content\/uploads\/2024\/01\/IMG_2038.jpg\" class=\"attachment-medium_large size-medium_large wp-image-447\" alt=\"\" srcset=\"https:\/\/lesgalettesderiz.fr\/wp-content\/uploads\/2024\/01\/IMG_2038.jpg 640w, https:\/\/lesgalettesderiz.fr\/wp-content\/uploads\/2024\/01\/IMG_2038-300x276.jpg 300w\" sizes=\"(max-width: 640px) 100vw, 640px\" \/>\t\t\t\t\t\t\t\t\t\t\t\t\t<\/div>\n\t\t\t\t<\/div>\n\t\t\t\t\t<\/div>\n\t\t\t\t<\/div>\n\t\t\t\t<\/div>\n\t\t","protected":false},"excerpt":{"rendered":"<p>La compagnie Les Galettes de Riz se cr\u00e9e en 2017 suite \u00e0 la rencontre d\u2019H\u00e9l\u00e8ne Rousselle et Christophe Foquereau et de leurs deux clowns. Tout d\u2019abord clowns \u00e0 l\u2019h\u00f4pital ils cr\u00e9ent ensuite les spectacles \u00ab Petits Blancs \u00bb et \u00ab Blancs \u00bb o\u00f9 ils font interagir leur imaginaire artistique en utilisant la danse, la manipulation [&hellip;]<\/p>\n","protected":false},"author":1,"featured_media":0,"parent":0,"menu_order":0,"comment_status":"closed","ping_status":"closed","template":"elementor_header_footer","meta":{"footnotes":""},"class_list":["post-45","page","type-page","status-publish","hentry","entry"],"_links":{"self":[{"href":"https:\/\/lesgalettesderiz.fr\/index.php\/wp-json\/wp\/v2\/pages\/45"}],"collection":[{"href":"https:\/\/lesgalettesderiz.fr\/index.php\/wp-json\/wp\/v2\/pages"}],"about":[{"href":"https:\/\/lesgalettesderiz.fr\/index.php\/wp-json\/wp\/v2\/types\/page"}],"author":[{"embeddable":true,"href":"https:\/\/lesgalettesderiz.fr\/index.php\/wp-json\/wp\/v2\/users\/1"}],"replies":[{"embeddable":true,"href":"https:\/\/lesgalettesderiz.fr\/index.php\/wp-json\/wp\/v2\/comments?post=45"}],"version-history":[{"count":115,"href":"https:\/\/lesgalettesderiz.fr\/index.php\/wp-json\/wp\/v2\/pages\/45\/revisions"}],"predecessor-version":[{"id":829,"href":"https:\/\/lesgalettesderiz.fr\/index.php\/wp-json\/wp\/v2\/pages\/45\/revisions\/829"}],"wp:attachment":[{"href":"https:\/\/lesgalettesderiz.fr\/index.php\/wp-json\/wp\/v2\/media?parent=45"}],"curies":[{"name":"wp","href":"https:\/\/api.w.org\/{rel}","templated":true}]}}

<div data-elementor-type="wp-page" data-elementor-id="45" class="elementor elementor-45">
				<div class="elementor-element elementor-element-daf0c36 e-flex e-con-boxed e-con e-parent" data-id="daf0c36" data-element_type="container" data-settings="{&quot;background_background&quot;:&quot;classic&quot;}">
					<div class="e-con-inner">
				<div class="elementor-element elementor-element-7b3e4a2 elementor-widget elementor-widget-heading" data-id="7b3e4a2" data-element_type="widget" data-widget_type="heading.default">
				<div class="elementor-widget-container">
			<h2 class="elementor-heading-title elementor-size-default">La compagnie</h2>		</div>
				</div>
				<div class="elementor-element elementor-element-272d0bb elementor-widget elementor-widget-text-editor" data-id="272d0bb" data-element_type="widget" data-widget_type="text-editor.default">
				<div class="elementor-widget-container">
							<p>Les Galettes de Riz se crée en 2017 suite à la rencontre d’Hélène Rousselle et Christophe Foquereau et de leurs deux clowns.</p><p>Tout d’abord clowns à l’hôpital ils créent ensuite les spectacles « Petits Blancs » et « Blancs » où ils font interagir leur imaginaire artistique en utilisant la danse, la manipulation d’objets, la musique et le clown. Ils développent un univers original, décalé, burlesque et poétique.</p>						</div>
				</div>
					</div>
				</div>
		<div class="elementor-element elementor-element-658bdc3 e-grid animated-slow e-con-boxed elementor-invisible e-con e-parent" data-id="658bdc3" data-element_type="container" data-settings="{&quot;background_background&quot;:&quot;classic&quot;,&quot;animation&quot;:&quot;bounceInDown&quot;}">
					<div class="e-con-inner">
				<div class="elementor-element elementor-element-154710b elementor-widget elementor-widget-heading" data-id="154710b" data-element_type="widget" data-widget_type="heading.default">
				<div class="elementor-widget-container">
			<h2 class="elementor-heading-title elementor-size-default">Hélène Rousselle</h2>		</div>
				</div>
				<div class="elementor-element elementor-element-4e8fbf9 elementor-widget elementor-widget-text-editor" data-id="4e8fbf9" data-element_type="widget" data-widget_type="text-editor.default">
				<div class="elementor-widget-container">
							<p>Clown danseuse</p>						</div>
				</div>
					</div>
				</div>
		<div class="elementor-element elementor-element-6974bbe e-grid animated-slow e-con-boxed elementor-invisible e-con e-parent" data-id="6974bbe" data-element_type="container" data-settings="{&quot;background_background&quot;:&quot;classic&quot;,&quot;animation&quot;:&quot;bounceInDown&quot;}">
					<div class="e-con-inner">
				<div class="elementor-element elementor-element-316c9bc elementor-widget__width-initial elementor-widget elementor-widget-text-editor" data-id="316c9bc" data-element_type="widget" data-widget_type="text-editor.default">
				<div class="elementor-widget-container">
							<p>Elle possède une formation de danse contemporaine et elle passe son diplôme d’état à Lyon en 1998. Elle fait en parallèle une formation théâtrale à l’école du jeu de <em>Delphine Eliet</em> à Paris. Elle travaille avec différentes compagnies de théâtre, théâtre de rue, jeune public et danse-théâtre, à Clermont-Ferrand, Lyon, Paris et Rouen. Elle apprend la marionnette avec <em>P. Henniquau</em> en manipulation et fabrication. Elle intervient depuis 2008 en tant que clown dans différents hôpitaux de Rouen, Paris et Caen avec la Cie <em>Nez à nez</em> des clowns à l’hôpital, ainsi que dans plusieurs Ehpad. Elle a travaillé avec le <em>CDN</em> de Normandie, ainsi qu’au <em>Théâtre du Passage</em> à Fécamp en tant que pédagogue. Elle a fait partie de l’organisation du festival <em>Petit Evènement Bucolique</em> à Rouen. Danseuse, marionnettiste et clown, elle joue avec le duo <em>Les Galettes de Riz</em>.</p>						</div>
				</div>
				<div class="elementor-element elementor-element-d338783 elementor-widget elementor-widget-image" data-id="d338783" data-element_type="widget" data-widget_type="image.default">
				<div class="elementor-widget-container">
													<img fetchpriority="high" decoding="async" width="477" height="470" src="https://lesgalettesderiz.fr/wp-content/uploads/2025/09/Hel-carre.jpg" class="attachment-medium_large size-medium_large wp-image-818" alt="" srcset="https://lesgalettesderiz.fr/wp-content/uploads/2025/09/Hel-carre.jpg 477w, https://lesgalettesderiz.fr/wp-content/uploads/2025/09/Hel-carre-300x296.jpg 300w" sizes="(max-width: 477px) 100vw, 477px" />													</div>
				</div>
					</div>
				</div>
		<div class="elementor-element elementor-element-57d844c e-grid e-con-boxed elementor-invisible e-con e-parent" data-id="57d844c" data-element_type="container" data-settings="{&quot;background_background&quot;:&quot;classic&quot;,&quot;animation&quot;:&quot;fadeIn&quot;}">
					<div class="e-con-inner">
				<div class="elementor-element elementor-element-d787b19 elementor-widget elementor-widget-heading" data-id="d787b19" data-element_type="widget" data-widget_type="heading.default">
				<div class="elementor-widget-container">
			<h2 class="elementor-heading-title elementor-size-default">Christophe Foquereau</h2>		</div>
				</div>
				<div class="elementor-element elementor-element-e92ba8f elementor-widget elementor-widget-text-editor" data-id="e92ba8f" data-element_type="widget" data-widget_type="text-editor.default">
				<div class="elementor-widget-container">
							<p>Clown musicien</p>						</div>
				</div>
					</div>
				</div>
		<div class="elementor-element elementor-element-560b2a1 e-grid e-con-boxed elementor-invisible e-con e-parent" data-id="560b2a1" data-element_type="container" data-settings="{&quot;background_background&quot;:&quot;classic&quot;,&quot;animation&quot;:&quot;fadeIn&quot;}">
					<div class="e-con-inner">
				<div class="elementor-element elementor-element-277d83b elementor-widget__width-initial elementor-widget elementor-widget-text-editor" data-id="277d83b" data-element_type="widget" data-widget_type="text-editor.default">
				<div class="elementor-widget-container">
							<p>Musicien contrebassiste, violoncelliste, joueur de scie musicale, il a étudié la contrebasse classique au Conservatoire National de Région de Versailles dans la classe de Michel Crenne tout en pratiquant le Jazz au C.N.R. de Rouen. Il a travaillé ou composé pour différentes disciplines artistiques: la danse, le théâtre, le conte, la chanson, le ciné-concert et pratique l’improvisation musicale. Également clown musicien depuis plusieurs années, il développe cette discipline à l’hôpital et sur scène. Il joue actuellement pour les Galettes de Riz (clown-musique), Haïkus Signés Dansés (danse, musique, langage des signes), Ti Pouce (conte et musique), Fantômas 1 et 2 (ciné-concert), un Air de Galop (duo équestre et musical) et travaille avec les collectifs d’artistes les Amis de Fantomus et le Safran Collectif.</p>						</div>
				</div>
				<div class="elementor-element elementor-element-04c2fa5 elementor-widget elementor-widget-image" data-id="04c2fa5" data-element_type="widget" data-widget_type="image.default">
				<div class="elementor-widget-container">
													<img decoding="async" width="640" height="588" src="https://lesgalettesderiz.fr/wp-content/uploads/2024/01/IMG_2038.jpg" class="attachment-medium_large size-medium_large wp-image-447" alt="" srcset="https://lesgalettesderiz.fr/wp-content/uploads/2024/01/IMG_2038.jpg 640w, https://lesgalettesderiz.fr/wp-content/uploads/2024/01/IMG_2038-300x276.jpg 300w" sizes="(max-width: 640px) 100vw, 640px" />													</div>
				</div>
					</div>
				</div>
				</div>

<p>La compagnie Les Galettes de Riz se crée en 2017 suite à la rencontre d’Hélène Rousselle et Christophe Foquereau et de leurs deux clowns. Tout d’abord clowns à l’hôpital ils créent ensuite les spectacles « Petits Blancs » et « Blancs » où ils font interagir leur imaginaire artistique en utilisant la danse, la manipulation [&hellip;]</p>
