{"id":100,"date":"2023-09-27T21:38:59","date_gmt":"2023-09-27T21:38:59","guid":{"rendered":"https:\/\/lesgalettesderiz.fr\/?page_id=100"},"modified":"2025-09-11T16:21:59","modified_gmt":"2025-09-11T16:21:59","slug":"clowns-a-lhopital","status":"publish","type":"page","link":"https:\/\/lesgalettesderiz.fr\/index.php\/clowns-a-lhopital\/","title":{"rendered":"Clowns \u00e0 l&#8217;h\u00f4pital"},"content":{"rendered":"\t\t<div data-elementor-type=\"wp-page\" data-elementor-id=\"100\" class=\"elementor elementor-100\">\n\t\t\t\t<div class=\"elementor-element elementor-element-6ae401a e-flex e-con-boxed e-con e-parent\" data-id=\"6ae401a\" data-element_type=\"container\" data-settings=\"{&quot;background_background&quot;:&quot;classic&quot;}\">\n\t\t\t\t\t<div class=\"e-con-inner\">\n\t\t\t\t<div class=\"elementor-element elementor-element-f507d1c elementor-widget elementor-widget-heading\" data-id=\"f507d1c\" data-element_type=\"widget\" data-widget_type=\"heading.default\">\n\t\t\t\t<div class=\"elementor-widget-container\">\n\t\t\t<h2 class=\"elementor-heading-title elementor-size-default\">Clowns \u00e0 l'H\u00f4pital<\/h2>\t\t<\/div>\n\t\t\t\t<\/div>\n\t\t\t\t<div class=\"elementor-element elementor-element-2f3024b elementor-widget elementor-widget-text-editor\" data-id=\"2f3024b\" data-element_type=\"widget\" data-widget_type=\"text-editor.default\">\n\t\t\t\t<div class=\"elementor-widget-container\">\n\t\t\t\t\t\t\t<p>Notre d\u00e9sir est de contribuer, par des moments de partage avec les clowns, \u00e0 mieux vivre une hospitalisation.<\/p><p>Nous d\u00e9veloppons dans notre duo, un jeu clownesque, des moments musicaux, chant\u00e9s et dans\u00e9s improvis\u00e9s aupr\u00e8s et avec les r\u00e9sidents, familles et soignants.<\/p>\t\t\t\t\t\t<\/div>\n\t\t\t\t<\/div>\n\t\t\t\t<div class=\"elementor-element elementor-element-4bc648f elementor-widget elementor-widget-image\" data-id=\"4bc648f\" data-element_type=\"widget\" data-widget_type=\"image.default\">\n\t\t\t\t<div class=\"elementor-widget-container\">\n\t\t\t\t\t\t\t\t\t\t\t\t\t<img fetchpriority=\"high\" decoding=\"async\" width=\"768\" height=\"576\" src=\"https:\/\/lesgalettesderiz.fr\/wp-content\/uploads\/2023\/10\/galettes-de-riz-a-lhopital_1-2-768x576.jpeg\" class=\"attachment-medium_large size-medium_large wp-image-248\" alt=\"\" srcset=\"https:\/\/lesgalettesderiz.fr\/wp-content\/uploads\/2023\/10\/galettes-de-riz-a-lhopital_1-2-768x576.jpeg 768w, https:\/\/lesgalettesderiz.fr\/wp-content\/uploads\/2023\/10\/galettes-de-riz-a-lhopital_1-2-300x225.jpeg 300w, https:\/\/lesgalettesderiz.fr\/wp-content\/uploads\/2023\/10\/galettes-de-riz-a-lhopital_1-2.jpeg 1024w\" sizes=\"(max-width: 768px) 100vw, 768px\" \/>\t\t\t\t\t\t\t\t\t\t\t\t\t<\/div>\n\t\t\t\t<\/div>\n\t\t\t\t\t<\/div>\n\t\t\t\t<\/div>\n\t\t<div class=\"elementor-element elementor-element-6c97394 e-flex e-con-boxed e-con e-parent\" data-id=\"6c97394\" data-element_type=\"container\" data-settings=\"{&quot;background_background&quot;:&quot;classic&quot;}\">\n\t\t\t\t\t<div class=\"e-con-inner\">\n\t\t<div class=\"elementor-element elementor-element-8e8dbce e-con-full e-flex e-con e-child\" data-id=\"8e8dbce\" data-element_type=\"container\">\n\t\t\t\t<div class=\"elementor-element elementor-element-a35fa6d elementor-widget__width-inherit elementor-widget elementor-widget-image\" data-id=\"a35fa6d\" data-element_type=\"widget\" data-widget_type=\"image.default\">\n\t\t\t\t<div class=\"elementor-widget-container\">\n\t\t\t\t\t\t\t\t\t\t\t\t\t<img decoding=\"async\" width=\"645\" height=\"928\" src=\"https:\/\/lesgalettesderiz.fr\/wp-content\/uploads\/2023\/10\/galettes-de-riz-a-lhopital_1_Chelsi.jpg\" class=\"attachment-medium_large size-medium_large wp-image-253\" alt=\"\" srcset=\"https:\/\/lesgalettesderiz.fr\/wp-content\/uploads\/2023\/10\/galettes-de-riz-a-lhopital_1_Chelsi.jpg 645w, https:\/\/lesgalettesderiz.fr\/wp-content\/uploads\/2023\/10\/galettes-de-riz-a-lhopital_1_Chelsi-209x300.jpg 209w\" sizes=\"(max-width: 645px) 100vw, 645px\" \/>\t\t\t\t\t\t\t\t\t\t\t\t\t<\/div>\n\t\t\t\t<\/div>\n\t\t\t\t<div class=\"elementor-element elementor-element-da116db elementor-widget elementor-widget-spacer\" data-id=\"da116db\" data-element_type=\"widget\" data-widget_type=\"spacer.default\">\n\t\t\t\t<div class=\"elementor-widget-container\">\n\t\t\t\t\t<div class=\"elementor-spacer\">\n\t\t\t<div class=\"elementor-spacer-inner\"><\/div>\n\t\t<\/div>\n\t\t\t\t<\/div>\n\t\t\t\t<\/div>\n\t\t\t\t<div class=\"elementor-element elementor-element-9b90b2c elementor-align-right elementor-tablet-align-right elementor-widget elementor-widget-button\" data-id=\"9b90b2c\" data-element_type=\"widget\" data-widget_type=\"button.default\">\n\t\t\t\t<div class=\"elementor-widget-container\">\n\t\t\t\t\t<div class=\"elementor-button-wrapper\">\n\t\t\t<a class=\"elementor-button elementor-button-link elementor-size-sm\" href=\"https:\/\/lesgalettesderiz.fr\/wp-content\/uploads\/2023\/09\/Les-Galettes-de-Riz_Dossier-Clowns-a-lhopital.pdf\" target=\"_blank\">\n\t\t\t\t\t\t<span class=\"elementor-button-content-wrapper\">\n\t\t\t\t\t\t<span class=\"elementor-button-icon\">\n\t\t\t\t<i aria-hidden=\"true\" class=\"fas fa-download\"><\/i>\t\t\t<\/span>\n\t\t\t\t\t\t\t\t\t<span class=\"elementor-button-text\">T\u00e9l\u00e9chargez le dossier 'Clowns \u00e0 l'h\u00f4pital'<\/span>\n\t\t\t\t\t<\/span>\n\t\t\t\t\t<\/a>\n\t\t<\/div>\n\t\t\t\t<\/div>\n\t\t\t\t<\/div>\n\t\t\t\t<\/div>\n\t\t\t\t\t<\/div>\n\t\t\t\t<\/div>\n\t\t\t\t<\/div>\n\t\t","protected":false},"excerpt":{"rendered":"<p>Clowns \u00e0 l&#8217;H\u00f4pital Notre d\u00e9sir est de contribuer, par des moments de partage avec les clowns, \u00e0 mieux vivre une hospitalisation. Nous d\u00e9veloppons dans notre duo, un jeu clownesque, des moments musicaux, chant\u00e9s et dans\u00e9s improvis\u00e9s aupr\u00e8s et avec les r\u00e9sidents, familles et soignants. T\u00e9l\u00e9chargez le dossier &#8216;Clowns \u00e0 l&#8217;h\u00f4pital&#8217;<\/p>\n","protected":false},"author":1,"featured_media":0,"parent":0,"menu_order":0,"comment_status":"closed","ping_status":"closed","template":"elementor_header_footer","meta":{"footnotes":""},"class_list":["post-100","page","type-page","status-publish","hentry","entry"],"_links":{"self":[{"href":"https:\/\/lesgalettesderiz.fr\/index.php\/wp-json\/wp\/v2\/pages\/100"}],"collection":[{"href":"https:\/\/lesgalettesderiz.fr\/index.php\/wp-json\/wp\/v2\/pages"}],"about":[{"href":"https:\/\/lesgalettesderiz.fr\/index.php\/wp-json\/wp\/v2\/types\/page"}],"author":[{"embeddable":true,"href":"https:\/\/lesgalettesderiz.fr\/index.php\/wp-json\/wp\/v2\/users\/1"}],"replies":[{"embeddable":true,"href":"https:\/\/lesgalettesderiz.fr\/index.php\/wp-json\/wp\/v2\/comments?post=100"}],"version-history":[{"count":34,"href":"https:\/\/lesgalettesderiz.fr\/index.php\/wp-json\/wp\/v2\/pages\/100\/revisions"}],"predecessor-version":[{"id":706,"href":"https:\/\/lesgalettesderiz.fr\/index.php\/wp-json\/wp\/v2\/pages\/100\/revisions\/706"}],"wp:attachment":[{"href":"https:\/\/lesgalettesderiz.fr\/index.php\/wp-json\/wp\/v2\/media?parent=100"}],"curies":[{"name":"wp","href":"https:\/\/api.w.org\/{rel}","templated":true}]}}